p be y(8). Calculate z(p).
22
Let r be (-2)/(2 + -6 + -3)*98. Let f(p) = p**3 - 29*p**2 + 27*p + 27. Calculate f(r).
-1
Let b(q) = -280 + 68 + 2*q + 72 + 73 + 70. Give b(-5).
-7
Let y(t) be the first derivative of 4 + 1/2*t**2 - t. Determine y(-5).
-6
Let m be (-1008)/98 + (-4)/(-14). Let n be 1 + -4 + (-11 - m). Let w(b) = -3*b - 6. Give w(n).
6
Let m(d) = 4*d**2 - 2*d - 2. Let t be m(-1). Suppose -t*v = 22 + 18. Let k(q) = q**3 + 10*q**2 - 5. Let x be k(v). Let z(f) = -f**2 - 4*f + 7. Give z(x).
2
Let v(x) = -5*x + 5. Let j(m) = -5*m + 4. Let g(p) = 4*j(p) - 3*v(p). Let f(t) = -t**2 - 2*t + 9. Let a be f(-4). Give g(a).
-4
Let h be -4*(15/6 + -2). Let v(u) = -14*u + 2. Let l be v(h). Suppose -2*n - 3*n = -l. Let q(b) = b**2 - 7*b + 4. Calculate q(n).
-2
Let i(k) = -6*k**2 + 8*k - 7. Let f(m) = m**2 + m. Let u(t) = -5*f(t) - i(t). Suppose 581*y - 579*y = 24. What is u(y)?
-5
Suppose 0 = -2*k + 4*r - 3*r + 71, 4*r = 4*k - 136. Let s(i) = k*i + 39*i - 5 - 74*i. Calculate s(-4).
-13
Let k(u) = -u**3 - u**2 - u - 1. Let y be -2*1*(-2)/(-4). Let a be (5 - 3) + (y - -1). Suppose a*o + 6 = -5*h, -o - 3 = -2*h - 9. Calculate k(h).
5
Suppose 0 = -3*q - 4*u - 19, 4*q + 5*u - 3 = -28. Let i(p) = -4*p**2 + 11*p - 1. Let z(x) = x**2 - x. Let m = -2 - -1. Let g(d) = m*i(d) - 5*z(d). Give g(q).
6
Let o(u) = -3 - 3*u**3 + 6*u**3 - 8*u**3 + 5*u**2. Let v(s) = 4*s**3 - 5*s**2 + 2. Let i(h) = 5*o(h) + 6*v(h). What is i(-5)?
-3
Let n be 1*(-4 + 2) - -4. Let p(u) = -u. Let y(h) = 0*h + 2 + h - 5 + 2*h. Let m(s) = 2*p(s) - y(s). Give m(n).
-7
Suppose -62 + 98 = 4*d. Let m(c) = c**3 - 9*c**2 + 3*c - 26. Give m(d).
1
Suppose 31*r = 28*r - 21. Let a(b) = b**2 + 10*b + 15. What is a(r)?
-6
Let m(f) = -47*f**2 + 5*f - 6. Let i be m(1). Let g = 53 + i. Let v(z) = z**2 - 8*z - 4. What is v(g)?
-19
Let d = 1453 + -1459. Let o(g) = g**3 + 6*g**2 - 2. Give o(d).
-2
Suppose 5*c + 4*g + 4 = 8*c, -2*c = 5*g + 5. Let f(s) = -s**2 + 12. Determine f(c).
12
Let j(s) be the first derivative of -4*s + 3 + 3/2*s**2 + 1/3*s**3. Calculate j(-3).
-4
Let s(d) = -5*d + 11*d**2 - 18*d**2 + 14*d**2 - d**3 - 4. Let r be s(6). Let l(v) = 3*v**3 - 2*v**2 + v - 2. Determine l(r).
16
Let s(i) = -6*i + 23. Let q(y) = -3*y + 10. Let o(u) = 13*q(u) - 6*s(u). Give o(-6).
10
Let n = -989 - -989. Let u(q) = -q**2 - q + 16. What is u(n)?
16
Let u(s) = -3*s + 1. Let o be u(2). Let c(d) = -d**2 - 6*d - 3. Let z be c(o). Let x(b) = -2*b + b**z - 1 - b + 4*b. Calculate x(-2).
1
Let k(u) be the first derivative of 27 - 1/2*u**2 + 6*u. What is k(3)?
3
Let f(y) be the second derivative of y**4/12 + 3*y**3/2 - 3*y**2 - 18*y. Let z = -21 - -11. What is f(z)?
4
Let u(x) = x**3 - x**2 + x - 5. Let h = -65 - -68. Suppose -2*w + r = w + h, -r = 4*w - 3. Give u(w).
-5
Let s = 606 - 607. Let m(a) = -14*a**3 + a. Let z(i) = i**3. Let u(g) = m(g) + 5*z(g). Calculate u(s).
8
Let v(b) = -2*b**2 - 4 - b**3 + 3*b**3 - 3*b + 0 + 7. Let x be (-3)/2*(-44)/33. Calculate v(x).
5
Let d = 61 - 60. Let b(n) = 24*n - d - 20*n - 4 - 2*n**2 - n**3. Calculate b(-4).
11
Let w(c) = -8*c**2 - 1 - c + c**2 + 0. Let h = -111 + 110. Give w(h).
-7
Let i(c) = -13*c**3 + 20*c**2 - 28. Let o(b) = 3*b**3 - 5*b**2 + 6. Let j(u) = -2*i(u) - 9*o(u). Calculate j(4).
18
Let v(d) = -d + 7. Let b(y) = y**3 + 15*y**2 - 16*y - 19. Let w be b(-16). Let u be ((-25)/3)/((-1)/3). Let r = w + u. What is v(r)?
1
Let z(j) be the second derivative of -5/6*j**3 + 0 - 1/12*j**4 - 2*j**2 + 2*j. Let x be (-2)/4*2*3. Determine z(x).
2
Let b(u) be the second derivative of 6*u + 0 - 9/2*u**2 + 1/6*u**3. What is b(7)?
-2
Let z(c) = 3*c - 9 + 2*c - 4*c - 2*c. Let q be z(-11). Let u(s) = 0*s**3 + 4*s**2 + q - s - 5 + 5*s**3 - 4*s**3. Give u(-3).
9
Let d(m) = -5 + m**2 - 8*m + 1 + 6*m - 2*m**2. Determine d(3).
-19
Let r(n) = -n**2 + 12*n + 7. Let j be r(12). Let h(a) = -4*a + 25. Let l be h(j). Let g(y) = -y - 4. Give g(l).
-1
Suppose -2*p - 2*p + 16 = 0. Let q be 2*-1*(-2)/p. Let u(b) = b**2. Let l(x) = -1. Let a(y) = l(y) - 2*u(y). Determine a(q).
-3
Let o(p) = -5 + 0*p + p**3 - 610*p**2 - p + 614*p**2. Calculate o(-4).
-1
Let s(t) be the second derivative of 3*t**5/40 + t**4/12 - 4*t**3 + 26*t. Let p(i) be the second derivative of s(i). Calculate p(-2).
-16
Let n(o) = -14*o**2 + 48*o - 34. Let v(m) = 3*m**2 - 12*m + 8. Let h(x) = -2*n(x) - 9*v(x). Give h(-8).
-36
Let w(h) = h**3 - h**2 - 1. Let g = 9 + -11. Let l(c) = c**3 + c**2 + 2*c + 2. Let d be l(g). Let i = d + 7. Calculate w(i).
-1
Suppose 28 = 14*d - 0. Let j(o) = -40*o**2 + o**3 + 5*o + 44*o**d - o + 3. Let n = 2 - 4. What is j(n)?
3
Let m(s) be the second derivative of 0*s**3 + 7/12*s**4 + 1/720*s**6 + 0*s**2 - 4*s - 1/60*s**5 + 0. Let x(p) be the third derivative of m(p). Give x(-5).
-7
Let s = -653 + 658. Let c(g) be the third derivative of -1/4*g**4 + 1/120*g**6 + 8*g**2 + 0*g + 0 - 1/6*g**3 + 1/15*g**s. Determine c(-5).
4
Let m(c) = -2 - 475*c - 2 + 1 + 467*c - c**2. Determine m(-9).
-12
Let w(t) = 4*t - 5. Suppose 6*h - 48 + 30 = 0. Determine w(h).
7
Let f(m) = -6*m + 3. Let s(x) = -5*x + 2. Let y(b) = 4*f(b) - 5*s(b). Give y(-5).
-3
Let l(h) = h**2 + 4*h + 5. Let p be l(-2). Let i be (-12)/(-8) + p/2. Let y(f) = i*f - 7 + 5 - 4*f. What is y(2)?
-6
Suppose 7*x + 2286 - 2202 = 0. Let y(f) = -3*f - 16. Give y(x).
20
Let s(o) = -o**2 + 4 - 6*o - 1 + 2. Suppose 9 = 3*l + 3*k, k - 6*k = -5*l - 15. Let u be l + 1 - 2 - 4. Calculate s(u).
10
Let n(j) = 3*j + 49. Let y be n(-14). Let f(s) = s**2 - 9*s - 7. Determine f(y).
-21
Let m(p) be the first derivative of -p**2/2 - 18*p + 8. Let y(u) = 1. Let g(a) = m(a) + 5*y(a). What is g(-9)?
-4
Suppose 2*c - 4 = 5*j + 2, 0 = -4*c - 4*j + 40. Let r(y) = 6 + 4*y**2 - c*y**2 + y**3 - 3*y - 3*y**2 + 4*y**2. Determine r(4).
10
Let l(b) = -2*b - 10. Let g be l(-14). Suppose -g = 12*r - 9*r. Let v(k) = 3*k + 7. Give v(r).
-11
Let g(v) = 5*v**3 - 2*v**2 - 3*v - 5. Let q(p) = -p**3 + p. Let h(u) = -g(u) - 6*q(u). Let n(j) = -9*j + 23. Let i be n(3). Calculate h(i).
-15
Suppose 227 = 17*h - 11. Let z(k) = k**3 - 14*k**2 - 2*k + 18. Determine z(h).
-10
Let f = -446 + 455. Let p(a) = -3*a**2 + 12*a - 13. Let b(x) = -7*x**2 + 25*x - 27. Let h = 11 + -15. Let g(u) = f*p(u) + h*b(u). Determine g(-8).
-9
Let w be (-2)/(-4)*(-13)/(13/10). Let z(x) = 5*x + 3 - 2*x - 5 + x**2. Give z(w).
8
Let o(v) = v - 1. Suppose 4*y - y = 5*g + 4, 5*y = -10. Suppose 4*p = 2*p. Let t be 2*(p - g)/(-2). What is o(t)?
-3
Let t(b) = b. Suppose 122*v - 69 = 119*v. Suppose -v - 25 = -8*i. What is t(i)?
6
Let b(y) = 13*y - 2*y + y**3 + 0*y**3 + 52*y**2 + 55*y**2 - 118*y**2. Determine b(10).
10
Let a(g) be the first derivative of 1/2*g**2 + 7 - 8*g. Determine a(9).
1
Let v(w) = w**2 - 10*w + 12. Suppose -o + 31 = 4*j, 32 = 5*o + 2*j - 33. Determine v(o).
23
Let x(n) be the third derivative of n**5/60 + 5*n**4/24 - n**3/6 - 3*n**2. Let d be -2 - 1 - 1 - 2. Let w be x(d). Let p(a) = -a + 3. What is p(w)?
-2
Let f(b) = -34*b**2 - b**3 - 2 - b + 4*b + 36*b**2 - b. Suppose 0*n = 5*n. Suppose i + n*i = 3. What is f(i)?
-5
Let v(o) be the third derivative of -o**4/6 - 19*o**3/6 + 414*o**2. Calculate v(-6).
5
Let x(v) be the third derivative of -v**6/120 + v**5/15 - 2*v**3/3 - v**2 + 7. Let h be (-1)/6 + 25/6. Give x(h).
-4
Let b(x) = -x**2 - 5*x - 4. Let v(i) = -i - 1. Let s(h) = b(h) - 3*v(h). Suppose 9*w + 36 = -0. Give s(w).
-9
Let w(t) be the first derivative of t**4/4 + 10*t**3/3 + 9*t**2/2 - 3*t - 3. Suppose -22*y + 4 = -21*y, -5*i - 3*y = 33. Calculate w(i).
-3
Let f(j) = 44 + j + 21 - 18*j + 7*j. What is f(6)?
5
Let q(i) be the third derivative of -i**7/2520 + i**6/120 - i**5/120 + 11*i**4/12 + 22*i**2. Let b(j) be the second derivative of q(j). What is b(5)?
4
Let n = 2 - 2. Suppose 0 = -n*j + 4*j + 8. Let x(p) be the third derivative of -p**5/30 - p**4/12 - p**2 + 10*p. Determine x(j).
-4
Let m(z) = z**3 - 3*z**2 + 2*z - 3. Let b(s) be the first derivative of -9*s + 3/2*s**2 - 10. Let i be b(4). What is m(i)?
3
Let v(q) be the third derivative of q**5/60 + q**4/12 - q**3 + 3*q**2 + 28. Calculate v(4).
18
Let g(j) be the second derivative of -j**4/12 - j**3/2 + 3*j**2/2 - 101*j - 1. What is g(3)?
-15
Let k(o) = -o**2 + 21*o + 26. Let u(h) = 3*h**2 - 33*h + 52. Let n be u(10). Determine k(n).
4
Let h(a) 